20. Let c(h) = 3*h - 8. Calculate c(b).
10
Let m be (6/(-9))/(1/(-3)). Let i(l) = l**m + 8*l - 2*l - 4 - 4*l. Determine i(-3).
-1
Let o(k) = 16*k + 1 - 12*k - 3*k**3 - 2*k**2 + 4*k**3 - 4. Give o(2).
5
Let k(p) = p**2 + p + 4. Let c(d) = d**3 - 5*d**2 - d - 4. Let o(r) = r**3 - r**2 + r - 1. Let j(g) = -c(g) + 2*o(g). Let f be j(-2). Determine k(f).
4
Let j(i) = 10*i - 54. Let w be j(6). Let y(s) = -s**2 + 8*s. Determine y(w).
12
Let z(q) = 150*q - 303*q + 151*q + 3 - 14. Determine z(-9).
7
Let p(f) = -2*f**2 - 6*f. Suppose 0 = -9*y + 4*y - 4*m - 16, m - 13 = 3*y. Calculate p(y).
-8
Let r(s) = -s**2 - s - 4. Let h(l) = l**3 - 3*l**2 - 6*l + 8. Let a be h(4). Determine r(a).
-4
Let z(y) = -2*y - 15. Let s be z(-9). Let m(n) = n**3 - n**2 - 5*n + 2. Let c be m(s). Let q(d) = d**2 - 8*d + 3. Give q(c).
-12
Let q(c) = 10*c**2 + 2*c - 2. Let h(k) = k**2 + k - 1. Let x(t) = -26*t**2 - 10*t + 10. Let r(a) = -5*h(a) - x(a). Let u(m) = -5*q(m) + 2*r(m). What is u(1)?
-8
Let y(x) = -x**3 - 6*x**2 + 5*x + 7. Let r(b) = -2*b**2 + 26*b - 6. Let v be r(13). Calculate y(v).
-23
Let y(p) = 2*p - 6. Suppose i = 2*i - 5. Calculate y(i).
4
Let c(f) = f**2 - f + 1. Suppose 5*r + 0*r - 15 = 0. Give c(r).
7
Let p be (-20)/8 + 1/(-2). Let g(y) = -3*y**3 + 5*y + 9. Let f(o) = 2*o**3 - o**2 - 4*o - 8. Let c(h) = p*g(h) - 4*f(h). Let r = -9 + 5. Give c(r).
1
Suppose 0*y - 2*y = -10. Let k(b) = -b + 3. Let q be k(y). Let x(c) = c - 2*c**2 - 2*c**3 - 2*c + c. Calculate x(q).
8
Let o(u) = -20*u - 33. Let f(l) = 5*l + 8. Let q(a) = 9*f(a) + 2*o(a). Give q(-6).
-24
Let r(o) = o**3 - 13*o**2 - 14*o - 1. Let d be r(14). Let w(t) = 6*t**3 - t**2 - 2*t - 1. Determine w(d).
-6
Let g(l) be the second derivative of l**5/60 - l**4/24 - 5*l**3/3 - l**2/2 + 2*l. Let h(k) be the first derivative of g(k). Calculate h(0).
-10
Let v(t) = t + 4. Suppose 5 = 4*h - 7. Suppose h*r = r. What is v(r)?
4
Let n(k) = 15 + k + 8 - 20. What is n(-4)?
-1
Let l(k) = -k**3 - 4*k**2 - k + 4. Let v = -19 + 15. Calculate l(v).
8
Let k(w) = 3 - w + 2*w - 4*w - w**2. Let y = 8 + -13. Calculate k(y).
-7
Let w(s) be the third derivative of s**5/60 - s**4/4 - s**3 - 4*s**2. Give w(6).
-6
Let w(u) = 5*u**2 - 2*u + 1. Let l(t) = -t**3 - 8*t**2 - t - 7. Let j be l(-8). Give w(j).
4
Let z(v) = 4*v - 3. Let u be (0/(-6 - -3))/1. Suppose 4*o - 8 + 0 = u. What is z(o)?
5
Let m(f) = 4*f**2 - 1. Suppose 4*w = 6*a - a - 9, 4*a - 2 = -2*w. Determine m(a).
3
Let u(p) be the second derivative of p**4/12 + 2*p**3/3 - 2*p**2 + 50*p - 1. Let j(a) = -a**3 - 4*a**2 + 5*a - 4. Let z be j(-5). Determine u(z).
-4
Let g(d) = -d**2 - 4. Let i(z) = -z**2 + z. Let r(o) = -g(o) + 2*i(o). Suppose -16 = 3*x - 5*t, -25 = -t - 4*t. What is r(x)?
1
Let z(x) = -x**3 + 6*x**2 - 6*x + 7. Let c be z(5). Suppose -t = -0*p + c*p - 1, -10 = -2*t + 4*p. Let s(g) = g**3 + 5*g**3 + g**2 + 0*g**t. Calculate s(-1).
-5
Let y(f) = f**3 - 2*f + 2. Let k(q) = -q + 10. Let i be k(5). Let l(j) = 2*j**2 - 3*j - 1. Let n be l(3). Suppose -n = -i*b + 2. What is y(b)?
6
Let o(s) = 9*s + 8. Let f(d) be the first derivative of -d**2/2 - 2. Let n(z) = 4*f(z) + o(z). Let g(v) = v + 2. Let x(l) = 9*g(l) - 2*n(l). What is x(-3)?
5
Let l(r) = -5*r + 1. Let f be (2/4)/(7/28). What is l(f)?
-9
Let l be (7 - 6)/(2/174). Let k(i) = i**2 + l - 87 + 0*i + 2*i. Determine k(-3).
3
Let j(v) = 5*v**2 - 2. Let f(y) = -y**3 + 7*y**2 + y - 9. Let d be f(7). Determine j(d).
18
Let g(y) = 24*y**3 - 3*y**2 - 6*y - 11. Let x(f) = -16*f**3 + 2*f**2 + 4*f + 7. Let w(s) = -5*g(s) - 8*x(s). Calculate w(-1).
-8
Let p(r) = -4*r**2. Let m(n) = 0*n + 0 + 8 + n. Let i be m(-9). What is p(i)?
-4
Let u(x) be the first derivative of x**4/4 + 2*x**3/3 - 5*x**2/2 - 2*x - 3. Let r(g) = -2*g + 3. Let y be r(3). Calculate u(y).
4
Let y = -3 + 8. Suppose 17 = 3*w - y*j, -6*j - 20 = -4*w - 2*j. Let h(s) = -s**2 + 5*s - 2. Determine h(w).
2
Let h(a) = -a**3 + 14*a**2 - a + 20. Let p be h(14). Let k(r) = -r**3 + 7*r**2 - 5*r - 5. Calculate k(p).
1
Let g(i) = i**2 + i - 1. Let b(t) = -t**3 + 2*t**2 + 2*t - 12. Let a(j) = b(j) - 6*g(j). Calculate a(-4).
10
Suppose 3*p + 4*f + 5 = 0, -2*p - 7 - 4 = -5*f. Let a(g) = g**2 + 2*g + 2. Determine a(p).
5
Let j = 2 - 2. Let a(y) be the first derivative of -y**4/4 + y**3/3 - y - 1. Calculate a(j).
-1
Let i(k) = 6*k + 7. Let f(x) = x + 1. Let u(h) = -14*f(h) + 2*i(h). Give u(-3).
6
Let d(q) = q**3 + 2*q**2 - 2*q - 2. Let h(r) = r + 1. Suppose 3*i + 7 = -c - 6, 2*i - 5*c = -3. Let s be h(i). What is d(s)?
-5
Let r(g) be the first derivative of -2*g**3/3 - g**2 + 2*g - 7. What is r(-3)?
-10
Let s = -7 - -9. Let j(i) = 1 - 8*i**2 - s*i + 0 + 2*i**2. Let u be 3/(-6)*(-1 + -1). Determine j(u).
-7
Suppose 0 = -2*h - 2*f + 8, f + 4 = h - 0. Let g(y) = 0*y**2 + 6*y + y**2 - h*y + 2. What is g(-3)?
5
Suppose 2 = p - 0*d + d, 4*p = 4*d + 16. Suppose p + 2 = o. Suppose n - o*n = 4. Let w(s) = -4*s**2. Calculate w(n).
-4
Let z = 7 + -11. Let u(t) = 89*t**2 + 5 - 171*t**2 + 5*t + 83*t**2. Give u(z).
1
Let d(j) = -4*j + 2 - j - j**2 + 2 + 3. Determine d(-5).
7
Let i(q) = 3*q**3 + q**2 - 1. Let l be i(1). Suppose l*v - 14 = -5. Suppose -v*f + 2*o + 13 = -0*o, -2 = -2*o. Let z(g) = -g**2 + 5*g - 2. What is z(f)?
-2
Let h(q) be the third derivative of -q**6/120 - q**5/10 + 7*q**4/24 + 2*q**3/3 + 10*q**2. Determine h(-7).
4
Let t(y) be the second derivative of 7*y**3/6 - y**2/2 - 29*y. Determine t(-1).
-8
Suppose 19 = -3*d + 4. Let j(f) = -f**2 - 6*f - 1. Calculate j(d).
4
Let s(b) = b**3 - 5*b**2 + 4. Suppose -24 + 84 = 15*n. Give s(n).
-12
Let a be (-2)/(6/(-3)) + -3. Let s(m) = -12*m - 12. Let v(d) = -d - 1. Let u(y) = a*s(y) + 22*v(y). Give u(-4).
-6
Let f(y) be the third derivative of y**5/60 + 7*y**4/24 + 3*y**3/2 + 20*y**2. Determine f(-6).
3
Let a(s) be the third derivative of s**5/60 - s**4/6 - s**3/3 - 2*s**2. Let k be (5/(-2) + 3)*8. Give a(k).
-2
Let j = 12 + -7. Suppose 3 = 5*i + 8. Let g = i + j. Let d(q) = -2*q + 3. Determine d(g).
-5
Let v(r) = 4 + 3*r - 2*r + 0*r - 3*r**2 - r**3 + 0*r. Calculate v(-3).
1
Let l(w) = -2*w - 2*w - 4 + 5*w. Let n be (2 - -1 - 4)/1. Let r be (n/2)/((-3)/18). Calculate l(r).
-1
Let r = -14 - -18. Let i(z) = -4 + 5 + r*z**2 - 3*z**2 + z. Let w(b) = -b - 8. Let a be w(-6). What is i(a)?
3
Let c(p) = p**2 - 9*p + 14. Let f be c(5). Let b(d) = d**3 + 5*d**2 - 6*d - 3. Calculate b(f).
-3
Suppose -5 = -4*v + 3. Let b = -3 + 4. Let w(q) = -v*q - 2*q**2 + b + 0*q**2 + 4*q**2. What is w(2)?
5
Let d(o) = -o**2 + 1. Suppose -12 = -t + a + 4*a, 0 = 2*a. Let q = t - 14. Calculate d(q).
-3
Let c(d) = 3*d**3 - d**2 - 3*d + 3. Suppose 5*i = -4*p + 22, -4*p + 3*p = -2*i + 1. Give c(i).
17
Let l(p) = 4 + 4*p + p + p - 5*p. Calculate l(-5).
-1
Let a(m) = 2*m**2 - 2*m + 3. Let r(u) = -u + 2*u - 6*u + u**2 + 6. Suppose -4*p - 2 = -2*q + 2, -12 = -2*q - 4*p. Let f be r(q). Give a(f).
7
Let y(v) = -v**3 + v**2 + 3*v + 3. Suppose 3*q - 3 + 0 = 0. Suppose h - q = -0. Let u be (-1)/h - 1/1. What is y(u)?
9
Let r(a) be the third derivative of a**5/60 - a**4/4 + 3*a**3/2 - 2*a**2. What is r(6)?
9
Let p(w) be the third derivative of -2*w**5/15 - w**4/24 + 22*w**2. Calculate p(-1).
-7
Let l = 0 - -1. Let d be (l/(3 + -2))/1. Let a(w) = 3 + w - d - 4. Give a(-4).
-6
Let m(u) = u - 3. Suppose -16 + 10 = z. Determine m(z).
-9
Let h(f) be the third derivative of f**6/120 - f**5/60 - f**4/8 - f**3/3 - 7*f**2. What is h(-2)?
-8
Let c(t) = -t**2 + 4*t - 3. Let s be c(2). Let l(p) be the second derivative of -p**4/4 - 6*p. Give l(s).
-3
Let b be 6/(-1 + 3) + -2. Suppose 4 = 2*q - 2. Let r(w) = 4*w + 8. Let x(s) = -s + 1. Let l(z) = b*r(z) + q*x(z). Give l(-5).
6
Let w(b) = b**2 + 10*b. Let n(q) = 3*q**2 + 29*q - 1. Let p(y) = 6*n(y) - 17*w(y). Calculate p(-6).
6
Let r(o) = o - 2*o + 0 + 1 + 2*o. Determine r(4).
5
Let z be (7 + -1)/(3/2). Let a = -5 + z. Let x(w) = 5*w**2 - 1. Give x(a).
4
Let n(k) = -2*k**2 - 3*k**2 + 0*k**2 + k. Suppose 5*c = -0*c + 15, -3*c = -3*o - 3. Suppose 5*j + o = 7. Determine n(j).
-4
Suppose -20 = 4*g, -3*g = -3*y + 5*y + 3. Let i(p) = -p**2 + 5*p + 8. Determine i(y).
2
Let t(h) be the third derivative of -h**5/60 + h**4/4 + h**3/2 - 40*h**2. Let d = 2 - -5. Determine t(d).
-4
Let i(c) = 2*c - 2. Let g be i(2). Let a(z) = -7 + 4 + 2 + g*z - 8*z**